digit of 1428962?
6
What is the units digit of 188934?
4
What is the thousands digit of 255316?
5
What is the units digit of 834261?
1
What is the ten millions digit of 28106548?
2
What is the ten thousands digit of 79090?
7
What is the thousands digit of 1068715?
8
What is the thousands digit of 29696?
9
What is the thousands digit of 19420591?
0
What is the hundreds digit of 6143915?
9
What is the units digit of 188920?
0
What is the thousands digit of 2026788?
6
What is the units digit of 47440?
0
What is the hundreds digit of 330268?
2
What is the thousands digit of 155514?
5
What is the units digit of 1012275?
5
What is the tens digit of 11868740?
4
What is the hundreds digit of 623279?
2
What is the thousands digit of 42371?
2
What is the thousands digit of 1851389?
1
What is the tens digit of 8404878?
7
What is the ten thousands digit of 2992179?
9
What is the hundreds digit of 8436684?
6
What is the hundred thousands digit of 3924596?
9
What is the tens digit of 7112896?
9
What is the units digit of 4833459?
9
What is the millions digit of 2190102?
2
What is the hundreds digit of 11615995?
9
What is the thousands digit of 463467?
3
What is the tens digit of 4069329?
2
What is the hundreds digit of 200468?
4
What is the hundreds digit of 69422?
4
What is the hundreds digit of 3698038?
0
What is the units digit of 226993?
3
What is the ten thousands digit of 1588643?
8
What is the ten thousands digit of 2026964?
2
What is the tens digit of 2866474?
7
What is the hundreds digit of 113670?
6
What is the ten thousands digit of 12641863?
4
What is the ten millions digit of 21328887?
2
What is the hundred thousands digit of 179449?
1
What is the tens digit of 822244?
4
What is the hundreds digit of 2610417?
4
What is the hundreds digit of 2976786?
7
What is the thousands digit of 637657?
7
What is the ten millions digit of 19492838?
1
What is the hundreds digit of 3221475?
4
What is the hundreds digit of 1203962?
9
What is the ten thousands digit of 337298?
3
What is the hundreds digit of 931896?
8
What is the units digit of 1994646?
6
What is the millions digit of 5366343?
5
What is the thousands digit of 20823223?
3
What is the ten thousands digit of 13656458?
5
What is the millions digit of 2547508?
2
What is the tens digit of 349971?
7
What is the tens digit of 22268950?
5
What is the millions digit of 4226708?
4
What is the thousands digit of 11756562?
6
What is the ten thousands digit of 520495?
2
What is the units digit of 214430?
0
What is the units digit of 6734635?
5
What is the units digit of 482022?
2
What is the thousands digit of 159363?
9
What is the hundred thousands digit of 890970?
8
What is the ten thousands digit of 3736483?
3
What is the millions digit of 3728593?
3
What is the hundred thousands digit of 792101?
7
What is the tens digit of 9714967?
6
What is the hundreds digit of 15331?
3
What is the thousands digit of 5477587?
7
What is the ten thousands digit of 1686259?
8
What is the hundreds digit of 500109?
1
What is the millions digit of 8172340?
8
What is the hundred thousands digit of 5889354?
8
What is the ten thousands digit of 438151?
3
What is the millions digit of 11465440?
1
What is the hundred thousands digit of 330177?
3
What is the tens digit of 51042?
4
What is the thousands digit of 6517103?
7
What is the thousands digit of 748587?
8
What is the thousands digit of 132361?
2
What is the ten thousands digit of 4485715?
8
What is the tens digit of 1034602?
0
What is the hundreds digit of 124033?
0
What is the tens digit of 265359?
5
What is the thousands digit of 12828141?
8
What is the ten thousands digit of 228612?
2
What is the millions digit of 11618348?
1
What is the hundreds digit of 2288931?
9
What is the units digit of 5537441?
1
What is the ten thousands digit of 2409715?
0
What is the ten thousands digit of 7228847?
2
What is the thousands digit of 545695?
5
What is the hundreds digit of 403212?
2
What is the units digit of 3491839?
9
What is the hundreds digit of 368794?
7
What is the units digit of 235081?
1
What is the thousands digit of 16164596?
4
What is the units digit of 271?
1
What is the hundred thousands digit of 9492005?
4
What is the thousands digit of 10245617?
5
What is the millions digit of 9020079?
9
What is the thousands digit of 1338189?
8
What is the thousands digit of 1947185?
7
What is the ten thousands digit of 7138594?
3
What is the units digit of 321158?
8
What is the hundred thousands digit of 2384644?
3
What is the ten thousands digit of 610480?
1
What is the hundreds digit of 1147040?
0
What is the hundreds digit of 3299218?
2
What is the hundred thousands digit of 931480?
9
What is the hundred thousands digit of 1902988?
9
What is the ten thousands digit of 3745810?
4
What is the hundreds digit of 14775022?
0
What is the hundred thousands digit of 15908712?
9
What is the tens digit of 645688?
8
What is the units digit of 2979505?
5
What is the millions digit of 9056467?
9
What is the units digit of 7460162?
2
What is the thousands digit of 1179700?
9
What is the units digit of 727502?
2
What is the ten thousands digit of 168494?
6
What is the thousands digit of 97810?
7
What is the hundred thousands digit of 12346328?
3
What is the units digit of 3724699?
9
What is the tens digit of 1594855?
5
What is the tens digit of 40273?
7
What is the units digit of 1571282?
2
What is the hundred thousands digit of 171803?
1
What is the tens digit of 294844?
4
What is the thousands digit of 285196?
5
What is the hundred thousands digit of 347111?
3
What is the hundred thousands digit of 1908564?
9
What is the tens digit of 27030037?
3
What is the ten thousands digit of 540529?
4
What is the tens digit of 191272?
7
What is the hundreds digit of 267487?
4
What is the tens digit of 179781?
8
What is the ten thousands digit of 1717024?
1
What is the hundreds digit of 5542134?
1
What is the units digit of 1811505?
5
What is the hundreds digit of 542235?
2
What is the hundred thousands digit of 745399?
7
What is the millions digit of 1509088?
1
What is the ten thousands digit of 7510535?
1
What is the hundreds digit of 15334429?
4
What is the units digit of 28445498?
8
What is the ten thousands digit of 8532695?
3
What is the units digit of 3055707?
7
What is the hundred thousands digit of 9057623?
0
What is the thousands digit of 18498218?
8
What is the hundreds digit of 11038010?
0
What is the thousands digit of 1098034?
8
What is the hundreds digit of 254345?
3
What is the thousands digit of 1515043?
5
What is the thousands digit of 268970?
8
What is the hundred thousands digit of 349683?
3
What is the tens digit of 53991?
9
What is the hundreds digit of 403525?
5
What is the thousands digit of 5956596?
6
What is the hundreds digit of 16799211?
2
What is the hundreds digit of 691354?
3
What is the units digit of 647283?
3
What is the hundreds digit of 827736?
7
What is the units digit of 169939?
9
What is the hundreds digit of 22396283?
2
What is the hundred thousands digit of 111430?
1
What is the hundreds digit of 44842?
8
What is the hundred thousands digit of 3088652?
0
What is the ten thousands digit of 5262766?
6
What is the hundred thousands digit of 629472?
6
What is the ten thousands digit of 17134968?
3
What is the units digit of 11977454?
4
What is the ten thousands digit of 6852678?
5
What is the hundreds digit of 2741949?
9
What is the ten thousands digit of 27337?
2
What is the hundred thousands digit of 234457?
2
What is the thousands digit of 199204?
9
What is the tens digit of 1945672?
7
What is the hundreds digit of 2872256?
2
What is the tens digit of 340470?
7
What is the thousands digit of 300180?
0
What is the hundreds digit of 138896?
8
What is the thousands digit of 851060?
1
What is the units digit of 3329616?
6
What is the ten thousands digit of 4310664?
1
What is the ten thousands digit of 16285604?
8
What is the tens digit of 678190?
9
What is the millions digit of 4493529?
4
What is the hundreds digit of 9470121?
1
What is the hundred thousands digit of 2997740?
9
What is the hundreds digit of 984452?
4
What is the thousands digit of 795254?
5
What is the units digit of 3302581?
1
What is the hundred thousands digit of 10135659?
1
What is the units 